r when 5268945 is divided by 189.
3
What is the remainder when 1031802 is divided by 1770?
1662
What is the remainder when 105269707 is divided by 852?
847
What is the remainder when 258353 is divided by 85612?
1517
What is the remainder when 65255 is divided by 10581?
1769
What is the remainder when 382521 is divided by 837?
12
Calculate the remainder when 16521446 is divided by 170.
166
What is the remainder when 1594350 is divided by 61321?
4
Calculate the remainder when 3181933 is divided by 397741.
5
What is the remainder when 43750 is divided by 783?
685
Calculate the remainder when 1520329 is divided by 138211.
8
Calculate the remainder when 434933 is divided by 20710.
23
Calculate the remainder when 109776 is divided by 4732.
940
What is the remainder when 45056636 is divided by 209?
207
Calculate the remainder when 4414 is divided by 719.
100
Calculate the remainder when 1023502 is divided by 226.
174
What is the remainder when 472 is divided by 91?
17
What is the remainder when 231757 is divided by 230331?
1426
What is the remainder when 3217692 is divided by 4691?
4357
Calculate the remainder when 6077 is divided by 5984.
93
What is the remainder when 5071167 is divided by 1690277?
336
What is the remainder when 1029264 is divided by 969?
186
Calculate the remainder when 14244294 is divided by 6783.
6777
What is the remainder when 922755 is divided by 680?
675
Calculate the remainder when 159366214 is divided by 173.
171
Calculate the remainder when 10275332 is divided by 628.
624
Calculate the remainder when 5484364 is divided by 874.
14
Calculate the remainder when 138908140 is divided by 45484.
4
What is the remainder when 122251 is divided by 1625?
376
What is the remainder when 78632 is divided by 39284?
64
What is the remainder when 28698030 is divided by 66?
42
Calculate the remainder when 626215 is divided by 1826.
1723
Calculate the remainder when 1503533182 is divided by 1591.
1589
Calculate the remainder when 2809897 is divided by 3980.
17
Calculate the remainder when 473276 is divided by 31521.
461
Calculate the remainder when 647172 is divided by 316.
4
What is the remainder when 47845 is divided by 499?
440
What is the remainder when 30085 is divided by 24?
13
What is the remainder when 15153397 is divided by 14?
7
Calculate the remainder when 56892 is divided by 28363.
166
What is the remainder when 17472 is divided by 207?
84
What is the remainder when 10759473 is divided by 354?
351
What is the remainder when 2085941 is divided by 223?
222
Calculate the remainder when 1657979 is divided by 101.
64
What is the remainder when 25810 is divided by 22384?
3426
Calculate the remainder when 3569481 is divided by 211.
205
Calculate the remainder when 12412028 is divided by 609.
608
Calculate the remainder when 129623 is divided by 674.
215
What is the remainder when 2054914 is divided by 92?
2
Calculate the remainder when 62859 is divided by 1045.
159
Calculate the remainder when 328085354 is divided by 12286.
10
Calculate the remainder when 70632319 is divided by 110.
109
What is the remainder when 3255 is divided by 3158?
97
Calculate the remainder when 173962 is divided by 14341.
1870
Calculate the remainder when 281125026 is divided by 933.
930
What is the remainder when 50332097 is divided by 54?
47
Calculate the remainder when 18280294 is divided by 1595.
1594
What is the remainder when 789677 is divided by 87741?
8
Calculate the remainder when 167596 is divided by 54588.
3832
Calculate the remainder when 335191 is divided by 299.
12
What is the remainder when 9067543 is divided by 1807?
17
Calculate the remainder when 442100 is divided by 9603.
362
What is the remainder when 1431414 is divided by 20745?
9
What is the remainder when 82615183 is divided by 97?
89
What is the remainder when 63961253 is divided by 307506?
5
What is the remainder when 258486 is divided by 543?
18
Calculate the remainder when 31125521 is divided by 267.
263
What is the remainder when 2132043 is divided by 463?
391
What is the remainder when 44022583 is divided by 175?
108
Calculate the remainder when 160277 is divided by 586.
299
Calculate the remainder when 374352 is divided by 23395.
32
Calculate the remainder when 4060013 is divided by 924.
881
What is the remainder when 109953 is divided by 1718?
1
Calculate the remainder when 59756400 is divided by 1145.
1140
What is the remainder when 13871372 is divided by 389?
21
What is the remainder when 3564401 is divided by 445549?
9
Calculate the remainder when 1421904 is divided by 1982.
810
Calculate the remainder when 67296 is divided by 427.
257
What is the remainder when 4162223 is divided by 459?
11
Calculate the remainder when 16636476 is divided by 108029.
10
Calculate the remainder when 874600 is divided by 19877.
12
Calculate the remainder when 56879255 is divided by 39.
17
Calculate the remainder when 69675099 is divided by 1306.
1305
Calculate the remainder when 29738878 is divided by 160.
158
Calculate the remainder when 11606 is divided by 10378.
1228
What is the remainder when 2181148 is divided by 436227?
13
Calculate the remainder when 4834729 is divided by 220.
9
What is the remainder when 7840487 is divided by 245?
242
Calculate the remainder when 279364798 is divided by 4719.
4717
Calculate the remainder when 2080773 is divided by 400.
373
Calculate the remainder when 60489746 is divided by 30.
26
Calculate the remainder when 201442403 is divided by 435.
428
What is the remainder when 7179515 is divided by 72520?
35
Calculate the remainder when 35542100 is divided by 437.
16
Calculate the remainder when 1963992 is divided by 528.
360
Calculate the remainder when 3505041 is divided by 2169.
2106
Calculate the remainder when 212220 is divided by 3474.
306
Calculate the remainder when 7996933 is divided by 43.
8
What is the remainder when 115884701 is divided by 26?
23
Calculate the remainder when 8117962 is divided by 901995.
7
Calculate the remainder when 282515 is divided by 4127.
1879
What is the remainder when 506137 is divided by 2259?
121
What is the remainder when 80106630 is divided by 593?
39
Calculate the remainder when 58932124 is divided by 9.
7
What is the remainder when 42567809 is divided by 28?
25
Calculate the remainder when 11170341 is divided by 336.
21
Calculate the remainder when 1122851 is divided by 157.
144
What is the remainder when 827903 is divided by 6731?
6721
Calculate the remainder when 73376614 is divided by 3.
1
What is the remainder when 3643957 is divided by 797?
73
What is the remainder when 561 is divided by 358?
203
Calculate the remainder when 1169197 is divided by 521.
73
Calculate the remainder when 1236056 is divided by 49.
31
Calculate the remainder when 57304 is divided by 73.
72
What is the remainder when 1096412 is divided by 3874?
70
What is the remainder when 826542610 is divided by 5462?
5460
What is the remainder when 13833682 is divided by 4375?
4307
What is the remainder when 153578 is divided by 3836?
138
Calculate the remainder when 787400 is divided by 393629.
142
Calculate the remainder when 41572 is divided by 9689.
2816
What is the remainder when 1609395 is divided by 21?
18
What is the remainder when 15541 is divided by 235?
31
What is the remainder when 38539 is divided by 8498?
4547
Calculate the remainder when 777157 is divided by 194102.
749
What is the remainder when 1151373 is divided by 1863?
39
What is the remainder when 54554 is divided by 384?
26
What is the remainder when 1564186 is divided by 1025?
36
Calculate the remainder when 1983517 is divided by 598.
549
What is the remainder when 1981761 is divided by 667?
104
Calculate the remainder when 4746982 is divided by 791160.
22
Calculate the remainder when 8854089 is divided by 36.
33
Calculate the remainder when 4637440 is divided by 417.
400
Calculate the remainder when 246078 is divided by 1080.
918
Calculate the remainder when 33930 is divided by 1823.
1116
What is the remainder when 48549 is divided by 130?
59
What is the remainder when 358721 is divided by 1821?
1805
What is the remainder when 1327521 is divided by 37929?
6
Calculate the remainder when 30851374 is divided by 37.
34
Calculate the remainder when 7280557 is divided by 2426812.
121
